{"id":30,"date":"2010-02-16T11:59:01","date_gmt":"2010-02-16T10:59:01","guid":{"rendered":"http:\/\/www.lenilykke.dk\/?page_id=30"},"modified":"2010-02-16T13:12:39","modified_gmt":"2010-02-16T12:12:39","slug":"coaching","status":"publish","type":"page","link":"http:\/\/www.lenilykke.dk\/?page_id=30","title":{"rendered":"Coaching"},"content":{"rendered":"<p>Coaching handler om at opdage og udnytte et menneskes fulde potentiale.<\/p>\n<p>Som Coach er det min st\u00f8rste opgave at hj\u00e6lpe dig til at finde dine l\u00f8sninger:<\/p>\n<p>Du kommer til mig med et emne du gerne vil have en l\u00f8sning p\u00e5, og det kan eksempelvis v\u00e6re:<\/p>\n<table border=\"0\" cellspacing=\"2\">\n<tbody>\n<tr>\n<td style=\"width: 33%;\" valign=\"top\">Bolig (skal jeg flytte, blive boende)<\/td>\n<td style=\"width: 33%;\" valign=\"top\">Eksamensangst<\/td>\n<td style=\"width: 33%;\" valign=\"top\">Forebygge stress<\/td>\n<\/tr>\n<tr>\n<td style=\"width: 33%;\" valign=\"top\">Job relateret<\/td>\n<td style=\"width: 33%;\" valign=\"top\">N\u00e5 dine m\u00e5l<\/td>\n<td style=\"width: 33%;\" valign=\"top\">Samlivs (familie, k\u00e6reste, b\u00f8rn, venner)<\/td>\n<\/tr>\n<tr>\n<td style=\"width: 33%;\" valign=\"top\">V\u00e6gtproblem<\/td>\n<td style=\"width: 33%;\" valign=\"top\">\u00d8konomi<\/td>\n<td style=\"width: 33%;\" valign=\"top\">Osv,osv, alle emner er velkommen.<\/td>\n<\/tr>\n<\/tbody>\n<\/table>\n<p>En session tager op til 1 \u00bd time<\/p>\n","protected":false},"excerpt":{"rendered":"<p>Coaching handler om at opdage og udnytte et menneskes fulde potentiale. Som Coach er det min st\u00f8rste opgave at hj\u00e6lpe dig til at finde dine l\u00f8sninger: Du kommer til mig med et emne du gerne vil have en l\u00f8sning p\u00e5, og det kan eksempelvis v\u00e6re: Bolig (skal jeg flytte, blive boende) Eksamensangst Forebygge stress Job [&hellip;]<\/p>\n","protected":false},"author":1,"featured_media":0,"parent":0,"menu_order":6,"comment_status":"closed","ping_status":"open","template":"","meta":{"footnotes":""},"class_list":["post-30","page","type-page","status-publish","hentry"],"aioseo_notices":[],"_links":{"self":[{"href":"http:\/\/www.lenilykke.dk\/index.php?rest_route=\/wp\/v2\/pages\/30","targetHints":{"allow":["GET"]}}],"collection":[{"href":"http:\/\/www.lenilykke.dk\/index.php?rest_route=\/wp\/v2\/pages"}],"about":[{"href":"http:\/\/www.lenilykke.dk\/index.php?rest_route=\/wp\/v2\/types\/page"}],"author":[{"embeddable":true,"href":"http:\/\/www.lenilykke.dk\/index.php?rest_route=\/wp\/v2\/users\/1"}],"replies":[{"embeddable":true,"href":"http:\/\/www.lenilykke.dk\/index.php?rest_route=%2Fwp%2Fv2%2Fcomments&post=30"}],"version-history":[{"count":5,"href":"http:\/\/www.lenilykke.dk\/index.php?rest_route=\/wp\/v2\/pages\/30\/revisions"}],"predecessor-version":[{"id":48,"href":"http:\/\/www.lenilykke.dk\/index.php?rest_route=\/wp\/v2\/pages\/30\/revisions\/48"}],"wp:attachment":[{"href":"http:\/\/www.lenilykke.dk\/index.php?rest_route=%2Fwp%2Fv2%2Fmedia&parent=30"}],"curies":[{"name":"wp","href":"https:\/\/api.w.org\/{rel}","templated":true}]}}